{"id":1190,"date":"2023-06-20T19:26:08","date_gmt":"2023-06-20T17:26:08","guid":{"rendered":"https:\/\/sattler3d.com\/?page_id=1190"},"modified":"2023-06-20T19:27:30","modified_gmt":"2023-06-20T17:27:30","slug":"3d-cad-konstruktion-planung","status":"publish","type":"page","link":"https:\/\/sattler3d.com\/index.php\/3dcad\/3d-cad-konstruktion-planung\/","title":{"rendered":"3D-CAD KONSTRUKTION + PLANUNG"},"content":{"rendered":"\n<h4 class=\"wp-block-heading\">Konstruktion mit 3D-CAD<\/h4>\n\n\n\n<p>F\u00fcr unsere Kunden f\u00fchren wir Konstruktions- und Planungsleistungen mit 3D-CAD aus. Dazu&nbsp; verwenden wir die vollparametrische 3D-CAD-L\u00f6sung KOMPAS-3D und TurboCAD Pro Platinum mit integrierter Lightworks Renderengine. Folgende Leistungen k\u00f6nnen wir erbringen:<\/p>\n\n\n\n<ul class=\"wp-block-list\"><li>3D-Konstruktion von Einzelteilen und Baugruppen nach Kundenvorgabe oder bereits existierenden Musterteilen<\/li><li>Erstellung von 2D- und 3D-Planungen nach Kundenvorgabe (Raumplanungen, M\u00f6blierung, Ausstellungspl\u00e4ne u.a.)<\/li><li>Digitalisierung von Pl\u00e4nen und Zeichnungen die nicht als CAD-Daten vorliegen.<\/li><li>Erstellung von 3D-Modellen von existierenden Produkten<\/li><li>Erstellung von Visualisierungen \/ Renderings und Darstellungen f\u00fcr Dokumentation, Illustration und Katalogerstellung<\/li><li>Erstellung von Montageanleitungen mit Hilfe von 3D-CAD-Modellen<\/li><\/ul>\n\n\n\n<h4 class=\"wp-block-heading\">Planung<\/h4>\n\n\n\n<p>Wir planen im 3D-CAD f\u00fcr Sie und erstellen:<\/p>\n\n\n\n<ul class=\"wp-block-list\"><li>Konzepte<\/li><li>Planung<\/li><li>Visualisierung<\/li><\/ul>\n\n\n\n<p><\/p>\n","protected":false},"excerpt":{"rendered":"<p>Konstruktion mit 3D-CAD F\u00fcr unsere Kunden f\u00fchren wir Konstruktions- und Planungsleistungen mit 3D-CAD aus. Dazu&nbsp; verwenden wir die vollparametrische 3D-CAD-L\u00f6sung KOMPAS-3D und TurboCAD Pro Platinum mit integrierter Lightworks Renderengine. Folgende Leistungen k\u00f6nnen wir erbringen: 3D-Konstruktion von Einzelteilen und Baugruppen nach Kundenvorgabe oder bereits existierenden Musterteilen Erstellung von 2D- und 3D-Planungen nach Kundenvorgabe (Raumplanungen, M\u00f6blierung, Ausstellungspl\u00e4ne &#8230;<\/p>\n","protected":false},"author":2,"featured_media":0,"parent":19,"menu_order":-37,"comment_status":"closed","ping_status":"closed","template":"","meta":{"footnotes":""},"class_list":["post-1190","page","type-page","status-publish","hentry"],"_links":{"self":[{"href":"https:\/\/sattler3d.com\/index.php\/wp-json\/wp\/v2\/pages\/1190","targetHints":{"allow":["GET"]}}],"collection":[{"href":"https:\/\/sattler3d.com\/index.php\/wp-json\/wp\/v2\/pages"}],"about":[{"href":"https:\/\/sattler3d.com\/index.php\/wp-json\/wp\/v2\/types\/page"}],"author":[{"embeddable":true,"href":"https:\/\/sattler3d.com\/index.php\/wp-json\/wp\/v2\/users\/2"}],"replies":[{"embeddable":true,"href":"https:\/\/sattler3d.com\/index.php\/wp-json\/wp\/v2\/comments?post=1190"}],"version-history":[{"count":1,"href":"https:\/\/sattler3d.com\/index.php\/wp-json\/wp\/v2\/pages\/1190\/revisions"}],"predecessor-version":[{"id":1191,"href":"https:\/\/sattler3d.com\/index.php\/wp-json\/wp\/v2\/pages\/1190\/revisions\/1191"}],"up":[{"embeddable":true,"href":"https:\/\/sattler3d.com\/index.php\/wp-json\/wp\/v2\/pages\/19"}],"wp:attachment":[{"href":"https:\/\/sattler3d.com\/index.php\/wp-json\/wp\/v2\/media?parent=1190"}],"curies":[{"name":"wp","href":"https:\/\/api.w.org\/{rel}","templated":true}]}}