{"id":543,"date":"2018-05-25T11:37:29","date_gmt":"2018-05-25T09:37:29","guid":{"rendered":"http:\/\/sattler-media.com\/?page_id=543"},"modified":"2023-03-09T10:14:15","modified_gmt":"2023-03-09T09:14:15","slug":"datenschutz","status":"publish","type":"page","link":"https:\/\/sattler3d.com\/index.php\/home\/datenschutz\/","title":{"rendered":"DATENSCHUTZ"},"content":{"rendered":"<h3>Datenschutz<\/h3>\n<p>Diese Datenschutzerkl\u00e4rung kl\u00e4rt Nutzer \u00fcber die Art, den Umfang und Zwecke der Erhebung und Verwendung personenbezogener Daten durch den verantwortlichen Anbieter auf sattler3d.com auf.<\/p>\n<h4>Kurzfassung<\/h4>\n<p>Auf sattler3d.com werden Zugriffe von Besuchern mit Hilfe von externen Werkzeugen (z.B. Google Analytics) getrackt, um unser Angebot zu verbessern. Ebenfalls binden wir externe Dienste ein, welche die Darstellung unserer Seite optimieren (z.B. Google Maps und YouTube) oder die Sicherheit von sattler3d.com erh\u00f6hen. Aus diesem Zweck werden Daten erhoben.<\/p>\n<p>Bei den Diensten besteht die M\u00f6glichkeit die Datenerhebung zu deaktivieren. Hierbei k\u00f6nnen jedoch Einschr\u00e4nkungen von sattler3d.com entstehen (z.B. fehlende Videos).<\/p>\n<p>Bei weiteren Fragen stehen wir gerne jederzeit unter&nbsp; <a href=\"http:\/\/sattler-media.com\/index.php\/unternehmen\/kontakt\/\">Kontakt<\/a> f\u00fcr Sie zur Verf\u00fcgung.<\/p>\n<h4>Ausf\u00fchrliche Fassung<\/h4>\n<h5>Dauer der Datenspeicherung<\/h5>\n<p>SATTLER 3D speichert personenbezogene Daten nur solange, wie sie f\u00fcr den Zweck der Verarbeitung ben\u00f6tigt werden und solange es uns gesetzliche Bestimmungen vorschreiben. Danach werden sie unwiderruflich gel\u00f6scht.<\/p>\n<h5>\nErhebung und Verarbeitung von personenbezogenen Daten bei Besuch unserer Website<\/h5>\n<p>Wenn Sie unsere Website besuchen, speichern unsere Webserver tempor\u00e4r jeden Zugriff in einer Protokolldatei. Folgende Daten werden erfasst und bis zur automatisierten L\u00f6schung, die in der Regel alle 2 Monate erfolgt, gespeichert:<\/p>\n<ul>\n<li>IP-Adresse des anfragenden Rechners<\/li>\n<li>Datum und Uhrzeit des Zugriffs<\/li>\n<li>Name und URL der abgerufenen Daten<\/li>\n<li>\u00dcbertragene Datenmenge<\/li>\n<li>Meldung, ob der Abruf erfolgreich war<\/li>\n<li>Erkennungsdaten des verwendeten Browser- und Betriebssystems<\/li>\n<li>Website, von der aus der Zugriff erfolgt<\/li>\n<li>Name Ihres Internet-Zugangs-Providers<\/li>\n<\/ul>\n<p>Die Verarbeitung dieser Daten erfolgt zum Zweck, die Nutzung der Website zu erm\u00f6glichen (Verbindungsaufbau), der Systemsicherheit, der technischen Administration der Netzinfrastruktur sowie zur Optimierung des Internetangebotes. Die IP-Adresse wird nur bei Angriffen auf unsere Netzinfrastruktur ausgewertet. Dar\u00fcber hinausgehende personenbezogene Angaben wie Ihr Name, Ihre Anschrift, Telefonnummer oder E-Mail-Adresse werden nicht erfasst, es sei denn, diese Angaben werden von Ihnen freiwillig gemacht, z.B. im Rahmen einer Kontaktaufnahme.<\/p>\n<h5>Kontakt<\/h5>\n<p>Wenn Sie per Formular auf der Website, per E-Mail, Telefon oder via sozialen Medien Kontakt mit uns aufnehmen, werden Ihre angegebenen Daten zwecks Bearbeitung der Anfrage und f\u00fcr den Fall von Anschlussfragen bei uns gespeichert. Diese Daten geben wir nicht ohne Ihre Einwilligung weiter. Wir l\u00f6schen die Daten, vorausgesetzt dass diese nicht mehr erforderlich sind. Diese \u00dcberpr\u00fcfung findet regelm\u00e4\u00dfig statt. Ansonsten gelten die gesetzlichen Archivierungspflichten.<\/p>\n<h5>Cookies<\/h5>\n<p>Unsere Website verwendet keine Cookies.<\/p>\n<h5>Sicherheit<\/h5>\n<p>SATTLER 3D setzt das Content-Management-System WordPress ein und wird von dem Internetdienstanbieter 1und1 gehostet. Um eine sichere Umgebung zu schaffen wird WordPress und die dazugeh\u00f6rigen Plugins regelm\u00e4\u00dfig aktualisiert. Wir nutzen auf sattler3d.com aus Sicherheitsgr\u00fcnden und zum Schutz der \u00dcbertragung vertraulicher Inhalte, wie zum Beispiel bei Anfragen \u00fcber Formulare eine SSL-Verschl\u00fcsselung. Eine verschl\u00fcsselte Verbindung erkennen Sie daran, dass die Adresszeile des Browsers von \u201chttp:\/\/\u201d auf \u201chttps:\/\/\u201d wechselt und an dem Schloss-Symbol in Ihrer Browserzeile.<\/p>\n<h5>Social Media<\/h5>\n<p>SATTLER 3D ist auf den Plattformen Facebook, YouTube und Google+ mit eigenen Kan\u00e4len vertreten. Auf sattler3d.com befinden sich Links zu den Profilen. Es findet kein automatisierter Abruf von Daten statt. Erst mit einem Klick auf die jeweiligen Buttons werden die jeweiligen Social Networks ge\u00f6ffnet. Es werden keine Tracking-Pixel der Netzwerke oder andere Methoden verwendet, um die Besucher mit ihren Social Network Profilen zu verbinden oder auszuwerten.<\/p>\n<h5>Medien-Einbettung von externen Inhalten<\/h5>\n<p>SATTLER 3D kann stellenweise externe Medien \u2013 wie etwa von YouTube \u2013 nutzen, um Inhalte zu vermitteln. Die Darstellung solcher Medien erfolgt \u00fcber das Einbetten einer Website des jeweiligen Anbieters in unsere Website. Dabei k\u00f6nnen von den Anbietern Tracking-Funktionen und Cookies eingesetzt werden. Ist man beim jeweiligen Dienst eingeloggt, kann dort der Aufruf der Medien dem eigenen Profil zugeordnet werden. Wenn der externe Anbieter eine \u201eNo-Track\u201c Version des jeweiligen Embed Codes anbietet, werden wir auf jeden Fall diese Variante bevorzugen. Die Einbettung und somit die Bereitstellung der jeweiligen Inhalte stellt ein berechtigtes Interesse im Sinne von Art. 6 Abs. 1 lit. f DSGVO dar.<\/p>\n<h5>Drittparteien<\/h5>\n<p><strong>Google Analytics<\/strong><br \/>\nDiese Website verwendet Google Analytics. Dabei handelt es sich um einen Webanalysedienst von Google LLC (\u201eGoogle\u201c). Dieser Service verwendet ebenso Cookies, also kleine Dateien, die auf dem Computer gespeichert werden und die eine Analyse der Nutzung unserer Website erm\u00f6glichen. Informationen \u00fcber die Nutzung unserer Webseite, die unter Verwendung von Cookies gesammelt werden, dienen dazu, die allgemeine Nutzung der Website auszuwerten, um es uns zu erm\u00f6glichen, Reports \u00fcber die Websiteaktivit\u00e4ten zusammenzustellen. Mit diesen Reports sind wir in der Lage unsere Webseite zu verbessern und weitere mit der Webseiten- und Internetnutzung verbundene Dienste zu erbringen. In diesen Zwecken liegt auch unser berechtigtes Interesse an der Datenverarbeitung. Die von Google Analytics mit Hilfe von Cookies erzeugten Informationen \u00fcber die Nutzung der Webseite werden \u2013 einschlie\u00dflich der anonymisierten IP-Adresse an einen Server von Google LCC in die USA \u00fcbermittelt. Die Anonymisierung erfolgt durch die Entfernung der letzten acht Bit der IP-Adresse, wodurch eine eindeutige Zuordnung der ermittelten Daten zu einer bestimmten IP-Adresse nicht mehr m\u00f6glich ist. Diese Information wird an Beh\u00f6rden oder Dritte \u00fcbermittelt, wenn diese \u00dcbermittlung gesetzlich erforderlich ist oder wenn Dritte im Auftrag von Google als Dienstleister t\u00e4tig sind.<\/p>\n<p>Es besteht jedoch die M\u00f6glichkeit, die Speicherung von Cookies durch entsprechende Einstellungen im Browser zu verhindern. Wenn in den Einstellungen des Browsers die Zustimmung zur Speicherung von Cookies verweigert wird, kann es jedoch sein, dass bestimmte Funktionen unserer Webseite nicht mehr zur Verf\u00fcgung stehen.<\/p>\n<p>Sie k\u00f6nnen dar\u00fcber hinaus die Erfassung der durch das Cookie erzeugten und auf Ihre Nutzung der Website bezogenen Daten (inkl. Ihrer IP-Adresse) an Google sowie die Verarbeitung dieser Daten durch Google verhindern, indem Sie dieses Browser-Add-on von Google herunterladen und installieren. Mithilfe des Browser-Add-ons zur Deaktivierung von Google Analytics-JavaScript (ga.js, analytics.js, dc.js) k\u00f6nnen Website-Besucher verhindern, dass Google Analytics ihre Daten verwendet. Das Add-on steht f\u00fcr Microsoft Internet Explorer 11, Google Chrome, Mozilla Firefox, Apple Safari und Opera verf\u00fcgbar.<\/p>\n<p>Ebenfalls ist es m\u00f6glich mit Opt-Out-Cookies m\u00f6glich die zuk\u00fcnftige Erfassung Ihrer Daten beim Besuch dieser Webseite zu verhindern. Um die Erfassung durch Universal Analytics \u00fcber verschiedene Ger\u00e4te hinweg zu verhindern, m\u00fcssen Sie das Opt-Out auf allen genutzten Systemen durchf\u00fchren. Wenn Sie hier klicken, wird das Opt-Out-Cookie gesetzt: Google Analytics deaktivieren.<\/p>\n<p>N\u00e4here Informationen zu Nutzungsbedingungen und Datenschutz finden Sie unter https:\/\/www.google.com\/analytics\/terms\/de.html bzw. unter https:\/\/policies.google.com\/?hl=de.<\/p>\n<p><strong>Google Maps<\/strong><br \/>\nSATTLER 3D verwendet auf der Startseite die Google Maps API, um geographische Informationen visuell darzustellen. Die Nutzung von Google Maps erfolgt im Interesse einer ansprechenden Darstellung unserer Webseite. Dies stellt ein berechtigtes Interesse im Sinne von Art. 6 Abs. 1 lit. f DSGVO dar. Bei der Nutzung von Google Maps werden von Google auch Daten \u00fcber die Nutzung der Maps-Funktionen durch Besucher der Webseiten erhoben, verarbeitet und genutzt. N\u00e4here Informationen \u00fcber die Datenverarbeitung durch Google k\u00f6nnen Sie den Datenschutzhinweisen von Google entnehmen: http:\/\/ www.google.com\/privacypolicy.html. Dort k\u00f6nnen Sie im Datenschutzcenter auch Ihre Einstellungen ver\u00e4ndern, so dass Sie Ihre Daten verwalten und sch\u00fctzen k\u00f6nnen. Weitergehende Anleitungen zum Verwalten der eigenen Daten im Zusammenhang mit Google-Produkten finden Sie auf der von Google betriebenen Seite http:\/\/www.dataliberation.org\/<\/p>\n<p><strong>Google Fonts<\/strong><br \/>\nUm unsere Inhalte browser\u00fcbergreifend korrekt und grafisch ansprechend darzustellen, verwenden wir auf sattler3d.com Scriptbibliotheken und Schriftbibliotheken Google Fonts. Dabei handelt es sich um einen Webanalysedienst von Google LLC (\u201eGoogle\u201c). Google Fonts werden zur Vermeidung mehrfachen Ladens in den Cache Ihres Browsers \u00fcbertragen. Falls der Browser die Google Webfonts nicht unterst\u00fctzt oder den Zugriff unterbindet, werden Inhalte in einer Standardschrift angezeigt.<\/p>\n<p>Der Aufruf von Scriptbibliotheken oder Schriftbibliotheken l\u00f6st automatisch eine Verbindung zum Betreiber der Bibliothek aus. Dabei ist es m\u00f6glich, dass Betreiber entsprechender Bibliotheken Daten erheben. Die Datenschutzrichtlinie von Google finden Sie hier: https:\/\/www.google.com\/policies\/privacy\/<\/p>\n<p><strong>YouTube<\/strong><br \/>\nSATTLER 3D bindet Videos der von Google betriebenen Seite YouTube ein. Betreiber der Seiten ist die YouTube, LLC, 901 Cherry Ave., San Bruno, CA 94066, USA.<\/p>\n<p>Wenn Sie eine unserer mit einem YouTube-Video ausgestatteten Seiten besuchen, wird eine Verbindung zu den Servern von YouTube hergestellt. Dabei wird dem YouTube-Server mitgeteilt, welche unserer Seiten Sie besucht haben.<\/p>\n<p>Wenn Sie in Ihrem YouTube-Account eingeloggt sind, erm\u00f6glichen Sie YouTube, Ihr Surfverhalten direkt Ihrem pers\u00f6nlichen Profil zuzuordnen. Dies k\u00f6nnen Sie verhindern, indem Sie sich aus Ihrem YouTube-Account ausloggen. Die Nutzung von YouTube erfolgt im Interesse einer ansprechenden Darstellung unserer Online-Angebote. Dies stellt ein berechtigtes Interesse dar.<\/p>\n<p>Weitere Informationen zum Umgang mit Nutzerdaten finden Sie in der Datenschutzerkl\u00e4rung von YouTube unter: https:\/\/www.google.de\/intl\/de\/policies\/privacy. Eine Opt-Out M\u00f6glichkeit besteht hier: https:\/\/adssettings.google.com\/authenticated.<\/p>\n<p>Im Normalfall werden YouTube-Videos auf sattler3d.com nur als Bild eingebunden. Erst ein Klick auf das Bild l\u00e4dt das Video. Somit werden erst Daten \u00fcbertragen, wenn das Video angeklickt wird.<\/p>\n<h5>\nIhre Rechte<\/h5>\n<p>Ihnen stehen grunds\u00e4tzlich die Rechte auf Auskunft, Berichtigung, L\u00f6schung, Einschr\u00e4nkung, Daten\u00fcbertragbarkeit, Widerruf und Widerspruch zu. Sie k\u00f6nnen hierzu jederzeit mit uns hier Kontakt aufnehmen. Wenn Sie glauben, dass die Verarbeitung Ihrer Daten gegen das Datenschutzrecht verst\u00f6\u00dft oder Ihre datenschutzrechtlichen Anspr\u00fcche sonst in einer Weise verletzt worden sind, k\u00f6nnen Sie sich bei der zust\u00e4ndigen Aufsichtsbeh\u00f6rde beschweren.<\/p>\n<h5>\u00c4nderung dieser Datenschutzrichtlinie<\/h5>\n<p>Wir werden diese Datenschutzrichtlinie gegebenenfalls von Zeit zu Zeit \u00fcberarbeiten. Die Verwendung Ihrer Daten unterliegt der jeweils aktuellen Version, die unter http:\/\/sattler-media.com\/index.php\/unternehmen\/datenschutz\/ abgerufen werden kann. \u00c4nderung dieser Datenschutzerkl\u00e4rung werden wir \u00fcber diese Seite bekanntgeben.<\/p>\n<p><strong><small>Letztes Update: 2. Juli 2018<\/small><\/strong><\/p>\n","protected":false},"excerpt":{"rendered":"<p>Datenschutz Diese Datenschutzerkl\u00e4rung kl\u00e4rt Nutzer \u00fcber die Art, den Umfang und Zwecke der Erhebung und Verwendung personenbezogener Daten durch den verantwortlichen Anbieter auf sattler3d.com auf. Kurzfassung Auf sattler3d.com werden Zugriffe von Besuchern mit Hilfe von externen Werkzeugen (z.B. Google Analytics) getrackt, um unser Angebot zu verbessern. Ebenfalls binden wir externe Dienste ein, welche die Darstellung &#8230;<\/p>\n","protected":false},"author":2,"featured_media":0,"parent":919,"menu_order":38,"comment_status":"closed","ping_status":"closed","template":"","meta":{"footnotes":""},"class_list":["post-543","page","type-page","status-publish","hentry"],"_links":{"self":[{"href":"https:\/\/sattler3d.com\/index.php\/wp-json\/wp\/v2\/pages\/543","targetHints":{"allow":["GET"]}}],"collection":[{"href":"https:\/\/sattler3d.com\/index.php\/wp-json\/wp\/v2\/pages"}],"about":[{"href":"https:\/\/sattler3d.com\/index.php\/wp-json\/wp\/v2\/types\/page"}],"author":[{"embeddable":true,"href":"https:\/\/sattler3d.com\/index.php\/wp-json\/wp\/v2\/users\/2"}],"replies":[{"embeddable":true,"href":"https:\/\/sattler3d.com\/index.php\/wp-json\/wp\/v2\/comments?post=543"}],"version-history":[{"count":8,"href":"https:\/\/sattler3d.com\/index.php\/wp-json\/wp\/v2\/pages\/543\/revisions"}],"predecessor-version":[{"id":1129,"href":"https:\/\/sattler3d.com\/index.php\/wp-json\/wp\/v2\/pages\/543\/revisions\/1129"}],"up":[{"embeddable":true,"href":"https:\/\/sattler3d.com\/index.php\/wp-json\/wp\/v2\/pages\/919"}],"wp:attachment":[{"href":"https:\/\/sattler3d.com\/index.php\/wp-json\/wp\/v2\/media?parent=543"}],"curies":[{"name":"wp","href":"https:\/\/api.w.org\/{rel}","templated":true}]}}