{"id":877,"date":"2022-03-08T18:35:32","date_gmt":"2022-03-08T17:35:32","guid":{"rendered":"https:\/\/sattler3d.com\/?page_id=877"},"modified":"2023-03-09T11:32:54","modified_gmt":"2023-03-09T10:32:54","slug":"3d-druck-design-kunst","status":"publish","type":"page","link":"https:\/\/sattler3d.com\/index.php\/3d-druck\/3d-druck-design-kunst\/","title":{"rendered":"3D-DRUCK DESIGN + KUNST"},"content":{"rendered":"\n<p>Mit additiver Fertigung (3D-Druck) k\u00f6nnen  Design- und Kunstobjekte schnell vom virtuellen 3D-Modell im Computer in die Realit\u00e4t gebracht werden. <\/p>\n\n\n\n<p>Wir unterst\u00fctzen unsere Kunden bis zum fertigen Objekt<\/p>\n\n\n\n<p><\/p>\n\n\n\n<figure class=\"wp-block-image size-large\"><img loading=\"lazy\" decoding=\"async\" width=\"2560\" height=\"1440\" src=\"https:\/\/sattler3d.com\/wp-content\/uploads\/2022\/03\/20190121_141245-edited-scaled.jpg\" alt=\"Bauhaus 100\" class=\"wp-image-879\" srcset=\"https:\/\/sattler3d.com\/wp-content\/uploads\/2022\/03\/20190121_141245-edited-scaled.jpg 2560w, https:\/\/sattler3d.com\/wp-content\/uploads\/2022\/03\/20190121_141245-edited-300x169.jpg 300w, https:\/\/sattler3d.com\/wp-content\/uploads\/2022\/03\/20190121_141245-edited-1024x576.jpg 1024w, https:\/\/sattler3d.com\/wp-content\/uploads\/2022\/03\/20190121_141245-edited-768x432.jpg 768w, https:\/\/sattler3d.com\/wp-content\/uploads\/2022\/03\/20190121_141245-edited-1536x864.jpg 1536w, https:\/\/sattler3d.com\/wp-content\/uploads\/2022\/03\/20190121_141245-edited-2048x1152.jpg 2048w\" sizes=\"auto, (max-width: 2560px) 100vw, 2560px\" \/><figcaption>Desingstudie f\u00fcr ein Stadtm\u00f6bel im Bauhausjahr 2019 \/ 100 Jahre Bauhaus<\/figcaption><\/figure>\n\n\n\n<p><\/p>\n","protected":false},"excerpt":{"rendered":"<p>Mit additiver Fertigung (3D-Druck) k\u00f6nnen Design- und Kunstobjekte schnell vom virtuellen 3D-Modell im Computer in die Realit\u00e4t gebracht werden. Wir unterst\u00fctzen unsere Kunden bis zum fertigen Objekt<\/p>\n","protected":false},"author":2,"featured_media":0,"parent":559,"menu_order":-27,"comment_status":"closed","ping_status":"closed","template":"","meta":{"footnotes":""},"class_list":["post-877","page","type-page","status-publish","hentry"],"_links":{"self":[{"href":"https:\/\/sattler3d.com\/index.php\/wp-json\/wp\/v2\/pages\/877","targetHints":{"allow":["GET"]}}],"collection":[{"href":"https:\/\/sattler3d.com\/index.php\/wp-json\/wp\/v2\/pages"}],"about":[{"href":"https:\/\/sattler3d.com\/index.php\/wp-json\/wp\/v2\/types\/page"}],"author":[{"embeddable":true,"href":"https:\/\/sattler3d.com\/index.php\/wp-json\/wp\/v2\/users\/2"}],"replies":[{"embeddable":true,"href":"https:\/\/sattler3d.com\/index.php\/wp-json\/wp\/v2\/comments?post=877"}],"version-history":[{"count":1,"href":"https:\/\/sattler3d.com\/index.php\/wp-json\/wp\/v2\/pages\/877\/revisions"}],"predecessor-version":[{"id":880,"href":"https:\/\/sattler3d.com\/index.php\/wp-json\/wp\/v2\/pages\/877\/revisions\/880"}],"up":[{"embeddable":true,"href":"https:\/\/sattler3d.com\/index.php\/wp-json\/wp\/v2\/pages\/559"}],"wp:attachment":[{"href":"https:\/\/sattler3d.com\/index.php\/wp-json\/wp\/v2\/media?parent=877"}],"curies":[{"name":"wp","href":"https:\/\/api.w.org\/{rel}","templated":true}]}}