{"id":934,"date":"2022-03-10T17:32:58","date_gmt":"2022-03-10T16:32:58","guid":{"rendered":"https:\/\/sattler3d.com\/?page_id=934"},"modified":"2024-03-25T18:11:18","modified_gmt":"2024-03-25T17:11:18","slug":"industrie","status":"publish","type":"page","link":"https:\/\/sattler3d.com\/index.php\/anwendung\/industrie\/","title":{"rendered":"PLANUNG"},"content":{"rendered":"\n<h4 class=\"wp-block-heading\">Robotik f\u00fcr den industriellen Einsatz<\/h4>\n\n\n\n<ul class=\"wp-block-list\"><li>Vorab-Test mit 6-Achs-Gelenkroboter<\/li><li>Planung (Arbeitsraum, Peripherie, Greifer\/EOAT)<\/li><li>Unterst\u00fctzung bei der Realisierung Roboter-Eins\u00e4tzen<\/li><li>Realisierung von tempor\u00e4ren Applikationen<\/li><\/ul>\n\n\n\n<figure class=\"wp-block-image size-large\"><img loading=\"lazy\" decoding=\"async\" width=\"1024\" height=\"757\" src=\"https:\/\/sattler3d.com\/wp-content\/uploads\/2022\/03\/eDoInspektion01-1024x757.jpg\" alt=\"\" class=\"wp-image-935\" srcset=\"https:\/\/sattler3d.com\/wp-content\/uploads\/2022\/03\/eDoInspektion01-1024x757.jpg 1024w, https:\/\/sattler3d.com\/wp-content\/uploads\/2022\/03\/eDoInspektion01-300x222.jpg 300w, https:\/\/sattler3d.com\/wp-content\/uploads\/2022\/03\/eDoInspektion01-768x568.jpg 768w, https:\/\/sattler3d.com\/wp-content\/uploads\/2022\/03\/eDoInspektion01.jpg 1491w\" sizes=\"auto, (max-width: 1024px) 100vw, 1024px\" \/><figcaption>Vorab-Test zur Pr\u00fcfung von Bohrungen mit Leichtbauroboter und digitalem Mikroskop<\/figcaption><\/figure>\n\n\n\n<p><\/p>\n","protected":false},"excerpt":{"rendered":"<p>Robotik f\u00fcr den industriellen Einsatz Vorab-Test mit 6-Achs-Gelenkroboter Planung (Arbeitsraum, Peripherie, Greifer\/EOAT) Unterst\u00fctzung bei der Realisierung Roboter-Eins\u00e4tzen Realisierung von tempor\u00e4ren Applikationen<\/p>\n","protected":false},"author":2,"featured_media":0,"parent":651,"menu_order":2,"comment_status":"closed","ping_status":"closed","template":"","meta":{"footnotes":""},"class_list":["post-934","page","type-page","status-publish","hentry"],"_links":{"self":[{"href":"https:\/\/sattler3d.com\/index.php\/wp-json\/wp\/v2\/pages\/934","targetHints":{"allow":["GET"]}}],"collection":[{"href":"https:\/\/sattler3d.com\/index.php\/wp-json\/wp\/v2\/pages"}],"about":[{"href":"https:\/\/sattler3d.com\/index.php\/wp-json\/wp\/v2\/types\/page"}],"author":[{"embeddable":true,"href":"https:\/\/sattler3d.com\/index.php\/wp-json\/wp\/v2\/users\/2"}],"replies":[{"embeddable":true,"href":"https:\/\/sattler3d.com\/index.php\/wp-json\/wp\/v2\/comments?post=934"}],"version-history":[{"count":3,"href":"https:\/\/sattler3d.com\/index.php\/wp-json\/wp\/v2\/pages\/934\/revisions"}],"predecessor-version":[{"id":1243,"href":"https:\/\/sattler3d.com\/index.php\/wp-json\/wp\/v2\/pages\/934\/revisions\/1243"}],"up":[{"embeddable":true,"href":"https:\/\/sattler3d.com\/index.php\/wp-json\/wp\/v2\/pages\/651"}],"wp:attachment":[{"href":"https:\/\/sattler3d.com\/index.php\/wp-json\/wp\/v2\/media?parent=934"}],"curies":[{"name":"wp","href":"https:\/\/api.w.org\/{rel}","templated":true}]}}